 3*a - i. Calculate the highest common divisor of j and 95.
19
Suppose -5*x = -93*c + 92*c - 682, 0 = -4*x + c + 546. What is the greatest common divisor of 40 and x?
8
Suppose 0 = -10*m + 19*m - 36. Let i be m/(4/(3*20/6)). Suppose 2*b = 4*v + 3*b - 4, -i = -v + 2*b. What is the highest common factor of 22 and v?
2
Let p(k) be the second derivative of -44*k**3/3 + 29*k. Let x be p(-3). What is the greatest common divisor of 24 and x?
24
Suppose 4*g = 5*m + 282, -m - 1 - 1 = 0. Suppose -3*w + 215 = 2*v + 11, -4*w + v = -272. What is the highest common divisor of w and g?
68
Suppose 0 = 59*d - 698 - 836. Calculate the highest common factor of 3562 and d.
26
Let z(b) = -3*b + 96. Let v be z(31). Let w be 144/6 + (1 + 0 - v). Suppose -233 - 119 = -2*x. Calculate the highest common divisor of x and w.
22
Let p = -886 + 2480. What is the greatest common factor of p and 2?
2
Let l = -49 - -57. Suppose p = -2*k - p - l, k = p. Let z be (2 - (-314)/4) + 1/k. Calculate the highest common factor of 16 and z.
16
Let y = -38 + 42. Suppose 10*f - 5*f + 25 = 0, -5*g + 85 = y*f. Suppose -5*p + 143 = 38. What is the highest common factor of g and p?
21
Suppose -p = -2*r, 6 = p - 2*p + 3*r. Calculate the highest common divisor of p and 6.
6
Suppose -16*o = -17*o - x + 481, 5*o = 5*x + 2345. What is the highest common factor of o and 38?
19
Suppose -24 = 4*s - 10*s. Let v(y) = 8*y**3 - y**3 + 4*y**2 + 2*y - 2*y**3 - 6*y**3 - 7. Let o be v(4). Calculate the greatest common divisor of o and s.
1
Let i = -612 - -652. Let a(f) = 10*f + 4*f + 2*f**2 - 8 + 2*f. Let g be a(-14). Calculate the greatest common factor of i and g.
40
Suppose -j - 654 = -7*j. Let d = j + -107. What is the highest common divisor of d and 2?
2
Let m = -76 + 80. Let p be -1*m/(-4)*-10. Let o be ((-3)/15 - 112/p) + 1. Calculate the greatest common divisor of 108 and o.
12
Suppose -3*n = -2*a + 588, a = -2*n - 2*n + 316. Let x be 4/(352/82 + -4) - 5/3. What is the highest common factor of a and x?
12
Suppose -3*a + 700 = -3*y - 2*y, 1100 = 5*a + 5*y. What is the highest common factor of 2115 and a?
45
Suppose -7271*b - 106470 = -7306*b. What is the highest common factor of 66 and b?
6
Let s(k) = 19*k**2 - 23*k + 7. Let v be s(-2). Calculate the highest common factor of 559 and v.
43
Let i = 112 + -52. Suppose 19*d - 1817 - 2173 = 0. Calculate the highest common divisor of d and i.
30
Suppose -3*o + 1063 = 5*a + 108, -3*a - 1254 = -4*o. What is the highest common factor of o and 672?
21
Suppose 0 = -2*h - 5*m + 4315, -3313*h + m - 8603 = -3317*h. Calculate the greatest common divisor of 260 and h.
10
Let b = 118 - 59. Let q(a) = -11*a**2 - a + 9. Let d be q(2). Let o = d + b. Calculate the greatest common divisor of 2 and o.
2
Let y be ((-12)/10)/((-10)/25) + -35. Let f be 171 + (80/y - 6/(-4)). Calculate the highest common divisor of f and 10.
10
Let q be 20/70 - (5 + (-5269)/7). What is the greatest common divisor of 396 and q?
44
Suppose -2*j = -h - 97 + 302, -211 = -h + 5*j. Suppose -h*q = -205*q + 1728. What is the highest common factor of q and 8?
8
Let v(o) = 2*o**2 + 7*o - 3. Let u be v(-15). Suppose -3*s = -4*s + u. Calculate the greatest common factor of 36 and s.
18
Suppose -5*a = -4*r - 0*r + 1, -12 = -4*a. Let c be -6 - (-2190)/20 - (-2)/r. Let v = -67 - -119. Calculate the greatest common divisor of v and c.
52
Let p(g) = g**3 - 3*g**2 + 21*g + 114. Let m be p(10). What is the greatest common divisor of 160 and m?
32
Suppose 5660 = 886*u - 6744. Suppose -4*a - 164 = -6*a + 5*h, -5*a + 389 = -2*h. Calculate the greatest common factor of u and a.
7
Suppose 0 = 43*m - 40*m - 4*d - 37, 4*m = 4*d + 48. Let q = 3 - 37. Let v = -23 - q. Calculate the highest common factor of m and v.
11
Suppose -4*g + g = -351. Let x(f) = -f**2 + f. Let h be x(3). Let r be (-65)/30*4*h/4. What is the highest common factor of r and g?
13
Let x(v) = -85*v + 2218. Let j be x(26). Calculate the highest common divisor of j and 2824.
8
Suppose -161 = -2*g - 2*o - 13, 3*g + 5*o = 236. Calculate the highest common divisor of g and 18157.
67
Suppose -3*n = 5*u - 7452, -2*n + 4 = -4. What is the highest common factor of u and 93?
93
Let d = -6997 + 9822. What is the highest common divisor of d and 25?
25
Suppose -12*q + 26 = -130. Let h be 0/q + (-3 - -96) + -1. Calculate the greatest common divisor of h and 8.
4
Let r(j) = -80*j - 6868. Let i be r(-86). Suppose 3*b - 7 - 2 = 0. Calculate the greatest common factor of b and i.
3
Suppose 0 = 985*x - 12867 + 1047. Suppose 0*y + y - 819 = -4*p, 4*y = 2*p - 396. Calculate the greatest common divisor of p and x.
12
Suppose 6489 = -32*j + 7609. Calculate the highest common factor of 721 and j.
7
Let t(i) = i**3 + 8*i**2 + 12*i + 72. Let d be t(-4). What is the highest common factor of d and 6424?
88
Suppose -2*u + d + 4521 = 0, 5*u - 7660 = 3*d + 3641. What is the highest common divisor of u and 78?
78
Let x be (27/(-6))/((-1)/36*1). Suppose -653*w + 655*w = 12. What is the greatest common divisor of x and w?
6
Let v(z) be the first derivative of z**4/4 + z**3/3 - 4*z**2 - 2*z - 2. Let k be v(-6). Let s = -59 - k. Calculate the highest common factor of 50 and s.
25
Let u(j) = -2*j**2 - 104*j - 440. Let d be u(-32). What is the greatest common divisor of 532 and d?
28
Let d(p) = p**2 - 4*p - 263. Let a be d(32). What is the greatest common divisor of 3 and a?
3
Suppose 15*k - 66 = 2919. Let a = 280 - k. What is the highest common factor of a and 729?
81
Let u = -23 + 33. Suppose -109 - 215 = 4*n. Let t = -31 - n. What is the highest common divisor of t and u?
10
Suppose -3*v + 45 = -0*v - 99. Calculate the highest common factor of v and 3012.
12
Suppose 120*b - 105*b - 1875 = 0. Calculate the highest common divisor of b and 225.
25
Let w = 10318 + -1643. What is the greatest common factor of 25 and w?
25
Suppose 2*k = g + 383, -k + 193 = 252*g - 251*g. Calculate the highest common factor of 74 and k.
2
Let g = 2280 - 1705. Calculate the highest common divisor of 805 and g.
115
Suppose 43*r = 5191 + 6161. Calculate the highest common factor of 2244 and r.
132
Suppose -3*l + 100 = 3*p - 236, -l - 5*p = -104. Suppose -119*h + 20 = -l*h. What is the highest common factor of h and 7?
1
Let x(a) = 31*a - 69. Let r be (2/3)/((-7)/(126/(-4))). Let t be x(r). What is the highest common divisor of t and 120?
24
Suppose 0 = -5*y, -15*j = -10*j + 5*y - 945. Suppose 0 = -0*p + 2*p - 70. What is the greatest common factor of j and p?
7
Let y be 63/6*(4 + 2). Let z = -25241 - -25388. Calculate the greatest common divisor of y and z.
21
Let u be (-11)/(-55) - (-2076)/(-5). Let p = 487 + u. What is the highest common factor of p and 64?
8
Suppose -5*m + 9965 = -2*j, 4*m - 8*m + 8000 = 4*j. Suppose 32*k - 13*k = m. What is the highest common factor of 42 and k?
21
Suppose -b - 544 = -5*b + 14*l, -5*b - l + 569 = 0. What is the greatest common factor of b and 2645?
115
Let f = 5734 + -4255. What is the highest common divisor of 261 and f?
87
Suppose 2*w + 15 = 15. Suppose -5*u + u + 300 = -3*q, w = 4*q - 16. Calculate the greatest common factor of 24 and u.
6
Let s(i) = 14*i - 1. Let q be s(2). Let d be (2 - (-100 - (-4 + 1)))*59/59. What is the greatest common factor of d and q?
9
Suppose 4*g - 8*g + 88 = 0. Let i(q) = 147*q + 2315. Let m be i(-15). What is the greatest common factor of m and g?
22
Let c be (-6)/(-21) - (-10846)/14. Let u = 797 - c. Let y = 26 + 84. Calculate the greatest common divisor of y and u.
22
Let r be 4/6*79629/254. What is the highest common factor of r and 264?
11
Suppose j + 301 = -6*h + 5*h, -5*h + 887 = -3*j. Let u be (13 - j)*(-2)/(-6). What is the greatest common divisor of u and 26?
26
Suppose -27*w = -5*w - 110. Suppose g + 3*q = -q + 56, -w*g + 5*q = -230. What is the highest common factor of 96 and g?
48
Let n = -303 - -296. Let r be (-140)/n*68/5. What is the highest common factor of r and 4?
4
Let r(u) = -u**3 + 18*u**2 + 4*u + 21. Let j(s) = -6*s - 19. Let l be j(-6). Let y be r(l). What is the greatest common divisor of 28 and y?
14
Let o be (-525)/(-6) - (-2)/4. Let h = o - 65. Calculate the greatest common divisor of 368 and h.
23
Suppose c + 1692 = 19*c + 76*c. Calculate the greatest common divisor of c and 1752.
6
Let n be 7192/(-6)*9/(-6)*